{"id":129,"date":"2013-04-09T16:03:31","date_gmt":"2013-04-09T14:03:31","guid":{"rendered":"http:\/\/www.labellanotte.it\/wordpress\/?page_id=129"},"modified":"2025-07-06T15:04:39","modified_gmt":"2025-07-06T13:04:39","slug":"armonico-bianco","status":"publish","type":"page","link":"http:\/\/www.labellanotte.it\/wordpress\/vini\/armonico-bianco","title":{"rendered":"ARMONICO BIANCO PINOT GRIGIO"},"content":{"rendered":"<p>[vc_row][vc_column][vc_column_text]<strong>PDF ARMONICO BIANCO\u00a0\/\u00a0PDF SCHEDE VINI<\/strong><!--:--><!--:it--><!--more--><\/p>\n<p style=\"text-align: left;\"><em>Armonico Bianco<\/em><br \/>\n<a href=\"http:\/\/www.labellanotte.it\/wordpress\/wp-content\/uploads\/2020\/03\/armonico-bianco.jpg\"><img decoding=\"async\" loading=\"lazy\" class=\"alignleft wp-image-12153 size-large\" src=\"http:\/\/www.labellanotte.it\/wordpress\/wp-content\/uploads\/2020\/03\/armonico-bianco-377x1024.jpg\" alt=\"\" width=\"377\" height=\"1024\" srcset=\"http:\/\/www.labellanotte.it\/wordpress\/wp-content\/uploads\/2020\/03\/armonico-bianco-377x1024.jpg 377w, http:\/\/www.labellanotte.it\/wordpress\/wp-content\/uploads\/2020\/03\/armonico-bianco-110x300.jpg 110w, http:\/\/www.labellanotte.it\/wordpress\/wp-content\/uploads\/2020\/03\/armonico-bianco-768x2087.jpg 768w, http:\/\/www.labellanotte.it\/wordpress\/wp-content\/uploads\/2020\/03\/armonico-bianco-565x1536.jpg 565w, http:\/\/www.labellanotte.it\/wordpress\/wp-content\/uploads\/2020\/03\/armonico-bianco-753x2048.jpg 753w, http:\/\/www.labellanotte.it\/wordpress\/wp-content\/uploads\/2020\/03\/armonico-bianco.jpg 876w\" sizes=\"(max-width: 377px) 100vw, 377px\" \/><\/a><strong>\u00a0 \u00a0 Qualifica:<\/strong> DOC FRIULI<br \/>\n<strong>\u00a0 \u00a0 \u00a0Zona di produzione:<\/strong> FRIULI VENEZIA GIULIA<br \/>\n<strong>\u00a0 \u00a0 Clima:<\/strong> Caratterizzato da forti escursioni termiche tra giorno notte<br \/>\n<strong>\u00a0 \u00a0 Terreno:<\/strong>Calcareo con presenza di ghiaie<br \/>\n<strong>\u00a0 \u00a0 Altitudine:<\/strong> 100 m s.l.m.<br \/>\n<strong>\u00a0 \u00a0 Vitigni:<\/strong> PINOT GRIGIO<br \/>\n<strong>\u00a0 \u00a0 Resa di produzione:<\/strong> 100 q.li\/ha<br \/>\n<strong>\u00a0 \u00a0 Et\u00e0 media delle viti:<\/strong> 20 anni<br \/>\n<strong>\u00a0 \u00a0 Tecnica di vinificazione:<\/strong> Fermentazione termoregolata<br \/>\n<strong>\u00a0 \u00a0 \u00a0Invecchiamento:<\/strong> In acciaio per 5 mesi<br \/>\n<strong>\u00a0 \u00a0 Affinamento:<\/strong> In bottiglia per 5 mesi<br \/>\n<strong>\u00a0 \u00a0 Colore:<\/strong> Colore giallo paglierino intenso molto luminoso<br \/>\n<strong>\u00a0 \u00a0 Olfatto:<\/strong> Bouquet variegato di grande piacevolezza<br \/>\n<strong>\u00a0 \u00a0 Sapore:<\/strong> Buona acidit\u00e0 e ad un corredo fruttato ampio e coinvolgente<br \/>\n<strong>\u00a0 \u00a0 Gradazione alcolica:<\/strong> 12,5% vol.<br \/>\n<strong>\u00a0 \u00a0 Temperatura di servizio:<\/strong> 10-12 \u00b0C<br \/>\n<strong>\u00a0 \u00a0 Conservazione:<\/strong> Bottiglia coricata in ambiente a temp. costante 16-18 \u00b0C<br \/>\n<strong>\u00a0 \u00a0 Abbinamento:<\/strong> Abbinabile a piatti estivi, delicati e non troppo strutturati; va benissimo a tutto pasto.<\/p>\n<p style=\"text-align: left;\">Un vino bello fresco, da bere di annata, che sa di quella stupenda terra che \u00e8 il Friuli. Al naso \u00e8 un vino di impatto che quasi subito invoglia ad essere portato in bocca per scoprire quello che si nasconde nel bicchiere. Il colore paglierino medio con evidenti sfumature verdi, i profumi richiamano subito i vitigni di provenienza, Friulano, Malvasia Istriana e Chardonnay, dando ampio spazio a sentori di mandorla amara, agrumi, mela, pesca gialla e ananas, il tutto spennellato da toni piacevolmente minerali e salmastri. In bocca \u00e8 corrispondente, sapido e caratterizzato da una buona acidit\u00e0 che consente di esaltare l&#8217;aromaticit\u00e0.<\/p>\n<p style=\"text-align: left;\"><strong>PDF ARMONICO BIANCO \/ PDF SCHEDE VINI<\/strong><!--:--><\/p>\n<p>[\/vc_column_text][\/vc_column][\/vc_row]<\/p>\n","protected":false},"excerpt":{"rendered":"<p>[vc_row][vc_column][vc_column_text]PDF ARMONICO BIANCO\u00a0\/\u00a0PDF SCHEDE VINI<\/p>\n","protected":false},"author":1,"featured_media":0,"parent":127,"menu_order":0,"comment_status":"open","ping_status":"closed","template":"","meta":[],"_links":{"self":[{"href":"http:\/\/www.labellanotte.it\/wordpress\/wp-json\/wp\/v2\/pages\/129"}],"collection":[{"href":"http:\/\/www.labellanotte.it\/wordpress\/wp-json\/wp\/v2\/pages"}],"about":[{"href":"http:\/\/www.labellanotte.it\/wordpress\/wp-json\/wp\/v2\/types\/page"}],"author":[{"embeddable":true,"href":"http:\/\/www.labellanotte.it\/wordpress\/wp-json\/wp\/v2\/users\/1"}],"replies":[{"embeddable":true,"href":"http:\/\/www.labellanotte.it\/wordpress\/wp-json\/wp\/v2\/comments?post=129"}],"version-history":[{"count":44,"href":"http:\/\/www.labellanotte.it\/wordpress\/wp-json\/wp\/v2\/pages\/129\/revisions"}],"predecessor-version":[{"id":12368,"href":"http:\/\/www.labellanotte.it\/wordpress\/wp-json\/wp\/v2\/pages\/129\/revisions\/12368"}],"up":[{"embeddable":true,"href":"http:\/\/www.labellanotte.it\/wordpress\/wp-json\/wp\/v2\/pages\/127"}],"wp:attachment":[{"href":"http:\/\/www.labellanotte.it\/wordpress\/wp-json\/wp\/v2\/media?parent=129"}],"curies":[{"name":"wp","href":"https:\/\/api.w.org\/{rel}","templated":true}]}}