{"id":316,"date":"2013-04-11T15:56:09","date_gmt":"2013-04-11T13:56:09","guid":{"rendered":"http:\/\/www.labellanotte.it\/wordpress\/?page_id=316"},"modified":"2020-03-19T21:03:50","modified_gmt":"2020-03-19T20:03:50","slug":"merlot","status":"publish","type":"page","link":"http:\/\/www.labellanotte.it\/wordpress\/vini\/merlot","title":{"rendered":"MERLOT"},"content":{"rendered":"<p><!--:it--><a href=\"http:\/\/www.labellanotte.it\/wordpress\/wp-content\/uploads\/2018\/03\/DSCN2124.jpg\"><img decoding=\"async\" loading=\"lazy\" class=\"alignleft wp-image-12062 size-large\" src=\"http:\/\/www.labellanotte.it\/wordpress\/wp-content\/uploads\/2018\/03\/DSCN2124-1024x768.jpg\" alt=\"\" width=\"1024\" height=\"768\" srcset=\"http:\/\/www.labellanotte.it\/wordpress\/wp-content\/uploads\/2018\/03\/DSCN2124-1024x768.jpg 1024w, http:\/\/www.labellanotte.it\/wordpress\/wp-content\/uploads\/2018\/03\/DSCN2124-300x225.jpg 300w, http:\/\/www.labellanotte.it\/wordpress\/wp-content\/uploads\/2018\/03\/DSCN2124-768x576.jpg 768w, http:\/\/www.labellanotte.it\/wordpress\/wp-content\/uploads\/2018\/03\/DSCN2124-800x600.jpg 800w, http:\/\/www.labellanotte.it\/wordpress\/wp-content\/uploads\/2018\/03\/DSCN2124.jpg 1801w\" sizes=\"(max-width: 1024px) 100vw, 1024px\" \/><\/a><\/p>\n<p><em>Merlot<\/em><br \/>\n<a href=\"http:\/\/www.labellanotte.it\/wordpress\/wp-content\/uploads\/2020\/03\/merlot.jpg\"><img decoding=\"async\" loading=\"lazy\" class=\"alignleft wp-image-12169 size-large\" src=\"http:\/\/www.labellanotte.it\/wordpress\/wp-content\/uploads\/2020\/03\/merlot-420x1024.jpg\" alt=\"\" width=\"420\" height=\"1024\" srcset=\"http:\/\/www.labellanotte.it\/wordpress\/wp-content\/uploads\/2020\/03\/merlot-420x1024.jpg 420w, http:\/\/www.labellanotte.it\/wordpress\/wp-content\/uploads\/2020\/03\/merlot-123x300.jpg 123w, http:\/\/www.labellanotte.it\/wordpress\/wp-content\/uploads\/2020\/03\/merlot-768x1870.jpg 768w, http:\/\/www.labellanotte.it\/wordpress\/wp-content\/uploads\/2020\/03\/merlot-841x2048.jpg 841w, http:\/\/www.labellanotte.it\/wordpress\/wp-content\/uploads\/2020\/03\/merlot.jpg 1031w\" sizes=\"(max-width: 420px) 100vw, 420px\" \/><\/a><br \/>\n<strong>Qualifica:<\/strong> DOC Friuli<br \/>\n<strong>Zona di produzione:<\/strong> Friuli Venezia Giulia<br \/>\n<strong>Clima:<\/strong> Caratterizzato da forti escursioni termiche tra giorno e notte<br \/>\n<strong>Terreno:<\/strong> Calcareo con presenza di ghiaie<br \/>\n<strong>Altitudine:<\/strong> 100 m s.l.m.<br \/>\n<strong>Vitigni:<\/strong> Merlot<br \/>\n<strong>Resa di produzione:<\/strong> 80 q.li\/ha<br \/>\n<strong>Et\u00e0 media delle viti:<\/strong> 50 anni<br \/>\n<strong>Tecnica di vinificazione:<\/strong> Macerazione lunga<br \/>\n<strong>Invecchiamento:<\/strong> In acciaio per 12 mesi<br \/>\n<strong>Affinamento:<\/strong> In bottiglia per 12 mesi<br \/>\n<strong>Colore:<\/strong> Colore rubino<br \/>\n<strong>Olfatto:<\/strong> Note floreali, preziosi piccoli frutti di bosco<br \/>\n<strong>Sapore:<\/strong> Corredo fruttato, piacevole sapidit\u00e0 e giusta freschezza<br \/>\n<strong>Gradazione alcolica:<\/strong> 13% vol.<br \/>\n<strong>Temperatura di servizio:<\/strong> 16 \u00b0C<br \/>\n<strong>Conservazione:<\/strong> Bottiglia coricata in ambiente a temp. costante 16-18 \u00b0C<br \/>\n<strong>Abbinamento:<\/strong> Secondi di carni rosse succulente, appena scottate sulla griglia se bovine, cucinate al forno con patate se suine.<\/p>\n<p>Di media concentrazione, vivace e terso nel colore, un bel rosso rubino; di media consistenza, pi\u00f9 alcolica che glicerica a giudicare dalle lente lacrime che si formano sui bordi del calice, non molto larghe. I suoi profumi si percepiscono intensi ed in buona progressione. Se ne apprezzano la base floreale fruttata di rosa rossa e di ciliegia sotto spirito, i piccoli frutti di bosco, le note fum\u00e9 e torrefatte di cacao ed infine, il tabacco biondo. Sotto al palato rivela resistente stoffa, tutte le componenti sono abbastanza intense ed il tannino qualcosa di pi\u00f9, essendo ancora un po&#8217; astringente. Il finale \u00e8 fruttato e come l&#8217;olfatto, regala rimandi fum\u00e9. Un promettente merlot, da seguire negli anni a venire. Un vino nel quale felicemente si fondono le caratteristiche tipiche dei rossi friulani e quelle del vitigno. Mostra inoltre buona predisposizione all&#8217;invecchiamento e pu\u00f2 fare tranquillamente cantina, il tempo lo migliorer\u00e0. Ottimo servito a 16 \u00b0C, in alti e piuttosto ampi calici.<\/p>\n<p><strong><a href=\"http:\/\/www.labellanotte.it\/AggSchede\/Merlot.pdf\" target=\"_blank\" rel=\"noopener noreferrer\">PDF MERLOT<\/a> \/ <a href=\"http:\/\/www.labellanotte.it\/AggSchede\/depliant_finale2017%20ultimo.pdf\">PDF SCHEDE VINI<\/a><\/strong><!--:--><\/p>\n","protected":false},"excerpt":{"rendered":"<p>Merlot Qualifica: DOC Friuli Zona di produzione: Friuli Venezia Giulia Clima: Caratterizzato da forti escursioni termiche tra giorno e notte Terreno: Calcareo con presenza di ghiaie Altitudine: 100 m s.l.m. Vitigni: Merlot Resa di produzione: 80 q.li\/ha Et\u00e0 media delle viti: 50 anni Tecnica di [&hellip;]<\/p>\n","protected":false},"author":1,"featured_media":0,"parent":127,"menu_order":0,"comment_status":"open","ping_status":"open","template":"","meta":[],"_links":{"self":[{"href":"http:\/\/www.labellanotte.it\/wordpress\/wp-json\/wp\/v2\/pages\/316"}],"collection":[{"href":"http:\/\/www.labellanotte.it\/wordpress\/wp-json\/wp\/v2\/pages"}],"about":[{"href":"http:\/\/www.labellanotte.it\/wordpress\/wp-json\/wp\/v2\/types\/page"}],"author":[{"embeddable":true,"href":"http:\/\/www.labellanotte.it\/wordpress\/wp-json\/wp\/v2\/users\/1"}],"replies":[{"embeddable":true,"href":"http:\/\/www.labellanotte.it\/wordpress\/wp-json\/wp\/v2\/comments?post=316"}],"version-history":[{"count":9,"href":"http:\/\/www.labellanotte.it\/wordpress\/wp-json\/wp\/v2\/pages\/316\/revisions"}],"predecessor-version":[{"id":12213,"href":"http:\/\/www.labellanotte.it\/wordpress\/wp-json\/wp\/v2\/pages\/316\/revisions\/12213"}],"up":[{"embeddable":true,"href":"http:\/\/www.labellanotte.it\/wordpress\/wp-json\/wp\/v2\/pages\/127"}],"wp:attachment":[{"href":"http:\/\/www.labellanotte.it\/wordpress\/wp-json\/wp\/v2\/media?parent=316"}],"curies":[{"name":"wp","href":"https:\/\/api.w.org\/{rel}","templated":true}]}}

<p><!--:it--><a href="http://www.labellanotte.it/wordpress/wp-content/uploads/2018/03/DSCN2124.jpg"><img decoding="async" loading="lazy" class="alignleft wp-image-12062 size-large" src="http://www.labellanotte.it/wordpress/wp-content/uploads/2018/03/DSCN2124-1024x768.jpg" alt="" width="1024" height="768" srcset="http://www.labellanotte.it/wordpress/wp-content/uploads/2018/03/DSCN2124-1024x768.jpg 1024w, http://www.labellanotte.it/wordpress/wp-content/uploads/2018/03/DSCN2124-300x225.jpg 300w, http://www.labellanotte.it/wordpress/wp-content/uploads/2018/03/DSCN2124-768x576.jpg 768w, http://www.labellanotte.it/wordpress/wp-content/uploads/2018/03/DSCN2124-800x600.jpg 800w, http://www.labellanotte.it/wordpress/wp-content/uploads/2018/03/DSCN2124.jpg 1801w" sizes="(max-width: 1024px) 100vw, 1024px" /></a></p>
<p><em>Merlot</em><br />
<a href="http://www.labellanotte.it/wordpress/wp-content/uploads/2020/03/merlot.jpg"><img decoding="async" loading="lazy" class="alignleft wp-image-12169 size-large" src="http://www.labellanotte.it/wordpress/wp-content/uploads/2020/03/merlot-420x1024.jpg" alt="" width="420" height="1024" srcset="http://www.labellanotte.it/wordpress/wp-content/uploads/2020/03/merlot-420x1024.jpg 420w, http://www.labellanotte.it/wordpress/wp-content/uploads/2020/03/merlot-123x300.jpg 123w, http://www.labellanotte.it/wordpress/wp-content/uploads/2020/03/merlot-768x1870.jpg 768w, http://www.labellanotte.it/wordpress/wp-content/uploads/2020/03/merlot-841x2048.jpg 841w, http://www.labellanotte.it/wordpress/wp-content/uploads/2020/03/merlot.jpg 1031w" sizes="(max-width: 420px) 100vw, 420px" /></a><br />
<strong>Qualifica:</strong> DOC Friuli<br />
<strong>Zona di produzione:</strong> Friuli Venezia Giulia<br />
<strong>Clima:</strong> Caratterizzato da forti escursioni termiche tra giorno e notte<br />
<strong>Terreno:</strong> Calcareo con presenza di ghiaie<br />
<strong>Altitudine:</strong> 100 m s.l.m.<br />
<strong>Vitigni:</strong> Merlot<br />
<strong>Resa di produzione:</strong> 80 q.li/ha<br />
<strong>Età media delle viti:</strong> 50 anni<br />
<strong>Tecnica di vinificazione:</strong> Macerazione lunga<br />
<strong>Invecchiamento:</strong> In acciaio per 12 mesi<br />
<strong>Affinamento:</strong> In bottiglia per 12 mesi<br />
<strong>Colore:</strong> Colore rubino<br />
<strong>Olfatto:</strong> Note floreali, preziosi piccoli frutti di bosco<br />
<strong>Sapore:</strong> Corredo fruttato, piacevole sapidità e giusta freschezza<br />
<strong>Gradazione alcolica:</strong> 13% vol.<br />
<strong>Temperatura di servizio:</strong> 16 °C<br />
<strong>Conservazione:</strong> Bottiglia coricata in ambiente a temp. costante 16-18 °C<br />
<strong>Abbinamento:</strong> Secondi di carni rosse succulente, appena scottate sulla griglia se bovine, cucinate al forno con patate se suine.</p>
<p>Di media concentrazione, vivace e terso nel colore, un bel rosso rubino; di media consistenza, più alcolica che glicerica a giudicare dalle lente lacrime che si formano sui bordi del calice, non molto larghe. I suoi profumi si percepiscono intensi ed in buona progressione. Se ne apprezzano la base floreale fruttata di rosa rossa e di ciliegia sotto spirito, i piccoli frutti di bosco, le note fumé e torrefatte di cacao ed infine, il tabacco biondo. Sotto al palato rivela resistente stoffa, tutte le componenti sono abbastanza intense ed il tannino qualcosa di più, essendo ancora un po&#8217; astringente. Il finale è fruttato e come l&#8217;olfatto, regala rimandi fumé. Un promettente merlot, da seguire negli anni a venire. Un vino nel quale felicemente si fondono le caratteristiche tipiche dei rossi friulani e quelle del vitigno. Mostra inoltre buona predisposizione all&#8217;invecchiamento e può fare tranquillamente cantina, il tempo lo migliorerà. Ottimo servito a 16 °C, in alti e piuttosto ampi calici.</p>
<p><strong><a href="http://www.labellanotte.it/AggSchede/Merlot.pdf" target="_blank" rel="noopener noreferrer">PDF MERLOT</a> / <a href="http://www.labellanotte.it/AggSchede/depliant_finale2017%20ultimo.pdf">PDF SCHEDE VINI</a></strong><!--:--></p>

<p>Merlot Qualifica: DOC Friuli Zona di produzione: Friuli Venezia Giulia Clima: Caratterizzato da forti escursioni termiche tra giorno e notte Terreno: Calcareo con presenza di ghiaie Altitudine: 100 m s.l.m. Vitigni: Merlot Resa di produzione: 80 q.li/ha Età media delle viti: 50 anni Tecnica di [&hellip;]</p>
