{"id":331,"date":"2013-04-11T15:57:55","date_gmt":"2013-04-11T13:57:55","guid":{"rendered":"http:\/\/www.labellanotte.it\/wordpress\/?page_id=331"},"modified":"2018-02-26T07:38:24","modified_gmt":"2018-02-26T06:38:24","slug":"vento-dellest","status":"publish","type":"page","link":"http:\/\/www.labellanotte.it\/wordpress\/vini\/vento-dellest","title":{"rendered":"VENTO DELL&#8217;EST"},"content":{"rendered":"<p><!--:it--><img decoding=\"async\" loading=\"lazy\" class=\"alignnone size-full wp-image-80\" src=\"http:\/\/www.labellanotte.it\/wordpress\/wp-content\/uploads\/2013\/04\/vino-big.jpg\" alt=\"vino-big\" width=\"940\" height=\"300\" srcset=\"http:\/\/www.labellanotte.it\/wordpress\/wp-content\/uploads\/2013\/04\/vino-big.jpg 940w, http:\/\/www.labellanotte.it\/wordpress\/wp-content\/uploads\/2013\/04\/vino-big-300x95.jpg 300w\" sizes=\"(max-width: 940px) 100vw, 940px\" \/><\/p>\n<p><em>Vento dell&#8217;Est<\/em><br \/>\n<a href=\"http:\/\/www.labellanotte.it\/wordpress\/wp-content\/uploads\/2013\/04\/vento-dell-est.jpg\"><img decoding=\"async\" loading=\"lazy\" class=\"alignleft size-full wp-image-742\" src=\"http:\/\/www.labellanotte.it\/wordpress\/wp-content\/uploads\/2013\/04\/vento-dell-est.jpg\" alt=\"vento-dell-est\" width=\"122\" height=\"500\" srcset=\"http:\/\/www.labellanotte.it\/wordpress\/wp-content\/uploads\/2013\/04\/vento-dell-est.jpg 122w, http:\/\/www.labellanotte.it\/wordpress\/wp-content\/uploads\/2013\/04\/vento-dell-est-73x300.jpg 73w\" sizes=\"(max-width: 122px) 100vw, 122px\" \/><\/a><br \/>\n<strong>Denominazione:<\/strong> IGT Venezia Giulia<br \/>\n<strong>Uvaggio:<\/strong> Picolit 100%<br \/>\n<strong>Vendemmia:<\/strong> Raccolto nel mese di Ottobre pressatura a Dicembre<br \/>\n<strong>Vinificazione:<\/strong> Le uve raccolte in cassetta vengono selezionate e messe ad appassire sui cannicci in un ambiente fresco, asciutto e ventilato per circa tre mesi. Mani pazienti, con grande attenzione separano il raspo dagli acini che poi vengono portati in pressa per una pressatura soffice, da qui dopo la divisione dalla buccia, il prezioso mosto viene fatto fermentare in caratelli di rovere per 30 giorni per passare successivamente nei caratelli di affinamento.<br \/>\n<strong>Gradazione:<\/strong> 15% vol. circa<br \/>\n<strong>Affinamento:<\/strong> Caratelli di rovere francese da 120 litri<br \/>\n<strong>Abbinamento:<\/strong> Lo dicono classico vino da dessert ma \u00e8 troppo aristocratico per degnare accoppiamenti. \u00c8 vino da dopo pasto e da meditazione.<\/p>\n<p>Eccoci al primo assaggio di questo vino dolce IGT ottenuto da uve Picolit appassite sui cannicci in ambiente fresco e aerato per tre mesi; gli acini vengono sparati dai raspi manualmente per poi subire una pressatura soffice e successiva fermentazione in caratelli da 120 litri di rovere francese per 30 giorni, a cui segue un affinamento in altri caratelli. Presenta un bel colore oro antico con venature di topazio, bouquet intenso e suggestivo con note di albicocca in confettura, scorza d&#8217;arancia candita, dattero, mandorla tostata, fichi secchi e al forno, uva passa, speziatura di cardamomo, pepe bianco, toni fum\u00e9 e di pietra focaia. In bocca \u00e8 dolce ma supportato da ottima spalla acida, altrettanto intenso e avvolgente, sapido lunghissimo e di grande equilibrio, con note tostate dolci, spezie e ancora frutta secca, finale che richiama la mandorla e l&#8217;albicocca. Ideale come vino da meditazione, si pu\u00f2 accostare a crostate, biscotti secchi, ma si pu\u00f2 provare anche con bavarese, pannacotta al caff\u00e8, crema inglese o chantilly.<\/p>\n<p><strong><a href=\"http:\/\/www.labellanotte.it\/AggSchede\/VentodellEst.pdf\" target=\"_blank\" rel=\"noopener\">PDF VENTO DELL&#8217;EST<\/a> \/ <a href=\"http:\/\/www.labellanotte.it\/AggSchede\/depliant_finale2017%20ultimo.pdf\">PDF SCHEDE VINI<\/a><\/strong><!--:--><\/p>\n","protected":false},"excerpt":{"rendered":"<p>Vento dell&#8217;Est Denominazione: IGT Venezia Giulia Uvaggio: Picolit 100% Vendemmia: Raccolto nel mese di Ottobre pressatura a Dicembre Vinificazione: Le uve raccolte in cassetta vengono selezionate e messe ad appassire sui cannicci in un ambiente fresco, asciutto e ventilato per circa tre mesi. Mani pazienti, [&hellip;]<\/p>\n","protected":false},"author":1,"featured_media":0,"parent":127,"menu_order":0,"comment_status":"open","ping_status":"open","template":"","meta":[],"_links":{"self":[{"href":"http:\/\/www.labellanotte.it\/wordpress\/wp-json\/wp\/v2\/pages\/331"}],"collection":[{"href":"http:\/\/www.labellanotte.it\/wordpress\/wp-json\/wp\/v2\/pages"}],"about":[{"href":"http:\/\/www.labellanotte.it\/wordpress\/wp-json\/wp\/v2\/types\/page"}],"author":[{"embeddable":true,"href":"http:\/\/www.labellanotte.it\/wordpress\/wp-json\/wp\/v2\/users\/1"}],"replies":[{"embeddable":true,"href":"http:\/\/www.labellanotte.it\/wordpress\/wp-json\/wp\/v2\/comments?post=331"}],"version-history":[{"count":10,"href":"http:\/\/www.labellanotte.it\/wordpress\/wp-json\/wp\/v2\/pages\/331\/revisions"}],"predecessor-version":[{"id":12049,"href":"http:\/\/www.labellanotte.it\/wordpress\/wp-json\/wp\/v2\/pages\/331\/revisions\/12049"}],"up":[{"embeddable":true,"href":"http:\/\/www.labellanotte.it\/wordpress\/wp-json\/wp\/v2\/pages\/127"}],"wp:attachment":[{"href":"http:\/\/www.labellanotte.it\/wordpress\/wp-json\/wp\/v2\/media?parent=331"}],"curies":[{"name":"wp","href":"https:\/\/api.w.org\/{rel}","templated":true}]}}

<p><!--:it--><img decoding="async" loading="lazy" class="alignnone size-full wp-image-80" src="http://www.labellanotte.it/wordpress/wp-content/uploads/2013/04/vino-big.jpg" alt="vino-big" width="940" height="300" srcset="http://www.labellanotte.it/wordpress/wp-content/uploads/2013/04/vino-big.jpg 940w, http://www.labellanotte.it/wordpress/wp-content/uploads/2013/04/vino-big-300x95.jpg 300w" sizes="(max-width: 940px) 100vw, 940px" /></p>
<p><em>Vento dell&#8217;Est</em><br />
<a href="http://www.labellanotte.it/wordpress/wp-content/uploads/2013/04/vento-dell-est.jpg"><img decoding="async" loading="lazy" class="alignleft size-full wp-image-742" src="http://www.labellanotte.it/wordpress/wp-content/uploads/2013/04/vento-dell-est.jpg" alt="vento-dell-est" width="122" height="500" srcset="http://www.labellanotte.it/wordpress/wp-content/uploads/2013/04/vento-dell-est.jpg 122w, http://www.labellanotte.it/wordpress/wp-content/uploads/2013/04/vento-dell-est-73x300.jpg 73w" sizes="(max-width: 122px) 100vw, 122px" /></a><br />
<strong>Denominazione:</strong> IGT Venezia Giulia<br />
<strong>Uvaggio:</strong> Picolit 100%<br />
<strong>Vendemmia:</strong> Raccolto nel mese di Ottobre pressatura a Dicembre<br />
<strong>Vinificazione:</strong> Le uve raccolte in cassetta vengono selezionate e messe ad appassire sui cannicci in un ambiente fresco, asciutto e ventilato per circa tre mesi. Mani pazienti, con grande attenzione separano il raspo dagli acini che poi vengono portati in pressa per una pressatura soffice, da qui dopo la divisione dalla buccia, il prezioso mosto viene fatto fermentare in caratelli di rovere per 30 giorni per passare successivamente nei caratelli di affinamento.<br />
<strong>Gradazione:</strong> 15% vol. circa<br />
<strong>Affinamento:</strong> Caratelli di rovere francese da 120 litri<br />
<strong>Abbinamento:</strong> Lo dicono classico vino da dessert ma è troppo aristocratico per degnare accoppiamenti. È vino da dopo pasto e da meditazione.</p>
<p>Eccoci al primo assaggio di questo vino dolce IGT ottenuto da uve Picolit appassite sui cannicci in ambiente fresco e aerato per tre mesi; gli acini vengono sparati dai raspi manualmente per poi subire una pressatura soffice e successiva fermentazione in caratelli da 120 litri di rovere francese per 30 giorni, a cui segue un affinamento in altri caratelli. Presenta un bel colore oro antico con venature di topazio, bouquet intenso e suggestivo con note di albicocca in confettura, scorza d&#8217;arancia candita, dattero, mandorla tostata, fichi secchi e al forno, uva passa, speziatura di cardamomo, pepe bianco, toni fumé e di pietra focaia. In bocca è dolce ma supportato da ottima spalla acida, altrettanto intenso e avvolgente, sapido lunghissimo e di grande equilibrio, con note tostate dolci, spezie e ancora frutta secca, finale che richiama la mandorla e l&#8217;albicocca. Ideale come vino da meditazione, si può accostare a crostate, biscotti secchi, ma si può provare anche con bavarese, pannacotta al caffè, crema inglese o chantilly.</p>
<p><strong><a href="http://www.labellanotte.it/AggSchede/VentodellEst.pdf" target="_blank" rel="noopener">PDF VENTO DELL&#8217;EST</a> / <a href="http://www.labellanotte.it/AggSchede/depliant_finale2017%20ultimo.pdf">PDF SCHEDE VINI</a></strong><!--:--></p>
